21*w. What is y(l)?
7
Let u(i) = -i**2 + 4*i - 1. Let a be u(4). Let g(p) be the second derivative of 2*p + 0 + 0*p**2 - 1/6*p**3. What is g(a)?
1
Let v(o) = o**2 + 3*o - 2. Let s be v(-4). Suppose -9 = -2*m + 5. Suppose f - s*i = -0*f - m, -2*i = -4. Let k(u) = 2*u**2 + 3*u. Calculate k(f).
9
Suppose u + 1 = -2. Suppose -2 = -3*s - 4*c, -4*c + 11 = 4*s - 7*c. Let f(p) = -27*p - 19*p - s + 45*p. Determine f(u).
1
Let l(j) = -3*j + 40. Let p be l(13). Let d(t) = t**2 + 2*t**2 + t**2. What is d(p)?
4
Let q(a) = -a**3 - 6*a**2 + a + 5. Let f(u) = -u**3 - 10*u**2 - 6*u + 12. Let r be f(-9). Let b = r + 9. Determine q(b).
-1
Suppose -43 = 3*z - 49. Suppose 4*p + 3*o + 3 = p, 10 = 2*p - 2*o. Let n(s) = 4*s**3 + 1 - 3*s**p + s**z + 2*s - 2*s. Give n(-1).
-5
Suppose -3*s + 4*z = 7*z - 9, 4*z = 2*s. Let p(m) = -2*m**3 + 3*m - 1. Calculate p(s).
-11
Let m(c) = 3*c**3 - 4*c**2 + 4*c + 1. Let d(n) = 2*n**3 - 4*n**2 + 4*n + 1. Suppose -2*r = -4*r + 6. Let x(l) = r*m(l) - 4*d(l). Calculate x(-5).
-6
Let h(n) = 7 + 10 - 14 + n. Give h(0).
3
Let n = 6 + -4. Let z be 6/n - (-2 - -7). Let d(y) = -y**2 + y - 2. Determine d(z).
-8
Let m = -2 - -5. Suppose m*j = 2*j + 5. Suppose 3*b - j*s = -4*s + 9, -2*b - s = -1. Let h(t) = -t**3 + 4*t**2 + 1. Determine h(b).
9
Let l(m) be the second derivative of m**3/3 - 5*m. Calculate l(-4).
-8
Let w be ((-12)/(-4))/(1/2). Let u(z) = -z**3 + 8*z**2 - 8*z - 2. Give u(w).
22
Let c(s) = -2*s**3 + 2*s**2 - 2. Let x(f) = 3*f**3 - 5*f**2 + 3. Let u(z) = 5*c(z) + 3*x(z). Give u(-5).
-1
Let n(f) = -f**2 + 7*f - 4. Suppose z - 1 = 5. Let p be n(z). Let t(j) = 2*j**3 - 2*j**2 - 2*j + 2. Calculate t(p).
6
Let h(k) be the first derivative of -k**4/4 + 3*k**3 + 9*k**2/2 + 7*k + 17. Calculate h(10).
-3
Let f(v) = 22 + 4*v**3 - 23 - 2*v**2 + 3*v**2. What is f(-1)?
-4
Let i(u) = 2*u**2 - 2*u - 2. Suppose -3*k - 2 = 2*r, 2*k - 4*k - 10 = -3*r. Determine i(r).
2
Let l(r) be the first derivative of r**2/2 - 2*r + 1. Suppose -5*g + 2 = -4*g. Let k = g + 0. Determine l(k).
0
Let a(x) be the first derivative of -x**3/3 - 5*x**2/2 - 2*x - 6. Determine a(-5).
-2
Let i(a) = -a**2 - 8*a - 6. Let w be i(-5). Let s(z) = 7*z - w*z + 4*z. Let d(o) = o**2 + 2*o + 2. Let t be d(-2). Calculate s(t).
4
Let z(m) = -m**3 - 7*m**2 + 8. Suppose 35 + 49 = -12*u. Calculate z(u).
8
Suppose 0 = 4*c - 5*c - 4. Let k = c + 7. Let j(t) = t - 7 + k + 3. What is j(3)?
2
Let k = 1 - 1. Let v(c) = 3*c + k*c + 5 - 2 - c**2. Suppose 2*r = -10, -i = -3*i - 4*r - 24. Calculate v(i).
-7
Let b(g) = g. Let y be b(2). Suppose -2*m - y = -3*m. Let a(j) = 4*j - 3. Give a(m).
5
Suppose 0 = -y + 2*y - 4. Let g(x) be the second derivative of -x**5/20 + 5*x**4/12 - 5*x**3/6 + 3*x**2/2 + 4*x - 2. What is g(y)?
-1
Let u(x) = -7*x**2 - 4*x**2 + 3*x**2 - 11*x**2 + x. Give u(-1).
-20
Let a(x) = x - 12. Let d be a(5). Let j(v) = -5*v**2 - 4*v + 3. Let h(q) = -6*q**2 - 4*q + 4. Let o(n) = d*j(n) + 6*h(n). What is o(4)?
3
Let j(x) = x**3 + 2*x**2 + x + 4. Let z = 12 - 11. Let s = z + -4. What is j(s)?
-8
Let a be (15/10)/(6/(-8)). Let d(u) = -8*u + 6*u + u**3 + 4*u + 2*u**2. Give d(a).
-4
Let z(v) = v**2 + 2*v + 3. Let u(r) = r**2 - 6. Let a be u(0). Let i = -2 - a. Suppose 5*w + i*o = 1, -3*w + 2*o - 7*o + 11 = 0. Determine z(w).
6
Let p(n) = n**3 + 6*n**2 + 2*n - 5. Let z(t) = 3*t**2 + 5*t + 1. Let v be z(-4). Suppose -3*l = -4*g + 3, l - 5*l - 3*g - v = 0. Calculate p(l).
10
Let r(t) = -6*t**2 + 4*t - 4. Let s(o) = -8*o**2 + 5*o - 5. Let g(u) = -5*r(u) + 4*s(u). Calculate g(-1).
-2
Suppose -4 = -8*b + 4*b. Let o(w) = -5*w - 1. Give o(b).
-6
Let t = -26 - -36. Let v(k) be the first derivative of -t - 1 - 2*k + 7 + 2*k**2. Give v(2).
6
Let z(n) = 5*n**2 - 11*n + 13. Let g(a) = a**2 - 3*a + 3. Let x(o) = -9*g(o) + 2*z(o). Let r(p) = -p**2 - 2*p + 3. Let b be r(2). Give x(b).
-1
Let j(y) be the first derivative of 3*y**2/2 - 3*y - 2. Let f(c) = -c. Let d(w) = -4*f(w) - j(w). What is d(-4)?
-1
Let i(d) = d**3 + 2*d**2 + d - 9. Let f(z) = -z**3 - 3*z**2 - z + 10. Let v(c) = 3*f(c) + 4*i(c). Determine v(0).
-6
Let u(a) = 4*a**2 + a + 5. Let f(y) be the second derivative of y**4/4 + y**3/6 + 5*y**2/2 - 3*y. Let g(m) = -3*f(m) + 2*u(m). Give g(0).
-5
Let d = 8 - 5. Let u(h) = 7*h**2 - h**d - 2*h**2 + 0*h**2 + 0*h**2 + h. Give u(5).
5
Let t = 73 + -70. Let y(w) = w**2 - 4*w + 3. Give y(t).
0
Let z(n) be the first derivative of n**4/12 - n**3/6 + 2*n - 1. Let t(b) be the first derivative of z(b). Let l be -1 + 1/(-1 + 2). What is t(l)?
0
Let p be 10*(-2)/12*-3. Let g(a) = a**3 - 4*a**2 - 3*a - 3. What is g(p)?
7
Suppose -4 = 2*p + 5*k, 2*p = 2*k + 2*k + 14. Let c = -7 - -13. Suppose c*r = p*r - 9. Let i(w) = -w**3 - 2*w**2 + 2*w - 2. What is i(r)?
1
Let s(b) = -19 - 20 + 36 + 4*b - 4*b**2. What is s(3)?
-27
Let j(r) = 2*r**2 + r - 2. Let k(h) = -2*h**2 + 2. Let b(c) = 2*j(c) + 3*k(c). Calculate b(3).
-10
Let n(x) = 35*x + 1. Let f be (1/2 - 1)*(22 - 20). Calculate n(f).
-34
Let m be (-126)/15 + (-9)/15. Let w = m + 4. Let k(z) be the third derivative of z**4/12 + 7*z**3/6 + z**2. Determine k(w).
-3
Let s be 69/12 - (-3)/(-4). Let n(g) = -g**2 - 5*g**2 + g**2 + 7*g**2 + 4 - s*g. Give n(3).
7
Let a(q) = q - 8. Suppose 0*t = 3*t - 72. Let l = 44 - t. Suppose -3*m = 2*m - l. What is a(m)?
-4
Let r(v) = -v**3 + 4*v**2 + 3*v + 5. Let d = 1 - 1. Let s be 2*1/(-2)*d. Suppose 2*m - m - 5 = s. Give r(m).
-5
Let o(w) be the second derivative of 1/6*w**3 - 3*w - 2*w**2 + 0. Determine o(3).
-1
Let p(o) = -o**3 + o**2 + o + 1. Let f(t) = -6*t**3 + 3*t**2 + 12*t + 11. Let i(r) = -f(r) + 5*p(r). Determine i(-4).
-10
Let l(a) = 1. Let f(s) = -3*s**2 - s - 3*s**2 + 5 + 5*s**2. Let w(c) = -f(c) + 4*l(c). Suppose z + 16 = -5*g - 0*z, -g - 5*z = 8. Give w(g).
5
Let o(z) = -z**2 - 2*z - 1. Suppose 5*a + 30 = -5*k, -k - k - 4*a = 20. Calculate o(k).
-1
Suppose 0 = -47*t + 43*t - 28. Let c(m) = -m - 9. Calculate c(t).
-2
Let v(q) = -q + 6*q**3 - 3032 + 3032. Let s be (0 - 2) + (-3)/(-3). Determine v(s).
-5
Suppose -23 = -4*o + 25. Let w = 15 - o. Let d(n) = -2*n**2 + 3*n + 4. Calculate d(w).
-5
Let r(d) = -d**2 - 4*d - 4. Let z be (0 - -1)/(4/(-20)). What is r(z)?
-9
Let h(n) be the first derivative of 6 - n + 1/3*n**3 - 2*n**2. Determine h(3).
-4
Let i(j) = -9*j - 1. Let s(c) = 14*c + 1. Let a(l) = 8*i(l) + 5*s(l). Let n(v) = v + 2. Let w be n(-2). Suppose w = -3*d - d - 16. Give a(d).
5
Let d(w) = -w - 14. Let g(n) = n + 10. Let i be g(8). Suppose -r = 2*m + i - 7, 0 = -4*r + 4. Determine d(m).
-8
Let c(f) be the first derivative of f - 3 + f**2 - 2/3*f**3. Give c(2).
-3
Let k = -8 - -12. Let v be 0/2 + 1*k. Suppose y = 2*y - v. Let g(q) = -2*q + 4. What is g(y)?
-4
Let j(p) be the second derivative of p**5/20 - p**4/4 + 2*p**3/3 - 3*p**2/2 + 12*p. Determine j(3).
9
Let i = 22 + -22. Let s(q) be the second derivative of -1/6*q**3 + i - 3/2*q**2 - 2*q. What is s(-3)?
0
Let r(n) = -2*n**3 + 0 - 7 + 2*n - 2*n**2 + n**3 + 3. What is r(-3)?
-1
Let w(a) = 4 + 3 - 2*a + 2. Calculate w(6).
-3
Let k(w) = w**3 - 4*w**2 + 2*w + 1. Suppose 11*p - 23*p = -24. Determine k(p).
-3
Suppose 0 = h - 5 + 2. Let g(f) be the first derivative of -f - 1/2*f**2 - 1. Give g(h).
-4
Let a be 0/(2/2) + 2. Let o(t) = 3*t**2 - 3*t. Let b(k) = k**2 - 2*k. Let n(w) = a*o(w) - 5*b(w). Suppose -j = 3 + 1. Give n(j).
0
Let x(s) = -2*s**2 - 14*s - 15 + 17 + 5*s**2 + 23. Let g(b) = -2*b**2 + 9*b - 17. Let o(q) = -7*g(q) - 5*x(q). What is o(5)?
4
Suppose -7*i - 6 + 27 = 0. Let r(w) = w**3 - 4*w**2 + 3*w - 1. Give r(i).
-1
Let x(b) be the third derivative of b**4/24 + b**3/6 - b**2. Let h be (1 + -1)/(-1 - 0 - -2). Determine x(h).
1
Suppose -18 = -4*d + 6. Let j(z) = -z**2 + 7*z - 6. What is j(d)?
0
Let x(w) = -w**2 + 9*w + 3*w**2 + 9 - w**2. Determine x(-6).
-9
Let y(m) = 9*m**3 - 13*m**3 - m**2 + 14 - m + 3*m**3. Calculate y(0).
14
Let v = 16 + -13. Suppose 0 = 2*p - v*p - 6. Let k(h) = h + 2. What is k(p)?
-4
Suppose 7*z = 4*z - 5*t + 63, 3*z + 3*t - 57 = 0. Let u = z + -10. Let k(y) = -4*y**2 + 7*y + 3*y**2 - 4 + 0*y**2. What is k(u)?
2
Let s(d) = -6*d**2 + 13*d + d**3 - 7*d + 0*d**3. Let t = 0 + 5. Calculate s(t).
5
Let n(t) = -t + 4. Let x be (-32 - (-1 - -4))*-1. Suppose j + 4*j - x = 0. What is n(j)?
-3
Let z be (12/10)/(6/(-15)). Let v(p) = p + 1. Ca